se 14) to base 9
16
2 (base 7) to base 2
10
Convert -10100 (base 2) to base 15.
-15
Convert -110 (base 7) to base 8.
-70
Convert 0 (base 10) to base 8.
0
Convert 218 (base 9) to base 13.
10a
Convert -212 (base 4) to base 3.
-1102
What is 340 (base 5) in base 3?
10112
-3 (base 10) to base 8
-3
-20211 (base 3) to base 4
-2320
Convert 11212 (base 3) to base 8.
203
Convert 1210 (base 3) to base 16.
30
Convert -9 (base 13) to base 14.
-9
-102 (base 3) to base 14
-b
-38 (base 14) to base 10
-50
-18 (base 14) to base 13
-19
Convert 55 (base 11) to base 13.
48
Convert 8 (base 11) to base 12.
8
Convert 3 (base 6) to base 5.
3
-1 (base 9) to base 2
-1
Convert -132 (base 7) to base 16.
-48
1 (base 12) to base 13
1
What is -31 (base 13) in base 14?
-2c
5 (base 10) to base 7
5
Convert -19 (base 11) to base 12.
-18
-3 (base 5) to base 14
-3
Convert 13 (base 16) to base 2.
10011
What is -112 (base 7) in base 15?
-3d
Convert 48 (base 14) to base 10.
64
Convert 10 (base 16) to base 9.
17
Convert 0 (base 6) to base 11.
0
Convert 1 (base 5) to base 2.
1
-100121 (base 3) to base 15
-124
-1110 (base 2) to base 13
-11
-2 (base 11) to base 3
-2
Convert -33 (base 7) to base 14.
-1a
-27 (base 11) to base 5
-104
Convert -111 (base 7) to base 9.
-63
What is -98 (base 16) in base 15?
-a2
Convert 0 (base 10) to base 2.
0
What is -4 (base 8) in base 9?
-4
Convert 14 (base 5) to base 8.
11
Convert -104 (base 7) to base 15.
-38
44 (base 7) to base 14
24
Convert -20 (base 3) to base 11.
-6
What is 52 (base 7) in base 14?
29
What is 1 (base 16) in base 9?
1
What is 2 (base 6) in base 5?
2
-1 (base 15) to base 4
-1
Convert -1 (base 7) to base 3.
-1
Convert 1 (base 7) to base 11.
1
What is -11 (base 14) in base 2?
-1111
Convert 143 (base 6) to base 11.
58
What is 6 (base 10) in base 14?
6
Convert 2132 (base 4) to base 6.
422
4 (base 12) to base 11
4
-57 (base 15) to base 4
-1102
Convert -89 (base 13) to base 2.
-1110001
2 (base 16) to base 8
2
What is 2000 (base 3) in base 12?
46
What is -1 (base 10) in base 9?
-1
-120 (base 8) to base 5
-310
2 (base 3) to base 13
2
2 (base 12) to base 10
2
Convert 3 (base 13) to base 7.
3
Convert 142 (base 8) to base 9.
118
What is -3c (base 15) in base 16?
-39
What is -3 (base 13) in base 8?
-3
Convert 1121 (base 3) to base 16.
2b
-34 (base 7) to base 3
-221
Convert 0 (base 13) to base 4.
0
Convert -70 (base 11) to base 10.
-77
What is -e0 (base 15) in base 9?
-253
-35 (base 6) to base 5
-43
What is 9 (base 16) in base 14?
9
-175 (base 12) to base 6
-1025
What is 50 (base 8) in base 4?
220
Convert -6 (base 11) to base 9.
-6
What is 2 (base 9) in base 3?
2
What is -1 (base 16) in base 6?
-1
What is 27 (base 9) in base 7?
34
Convert -2102 (base 3) to base 16.
-41
What is 21 (base 10) in base 14?
17
What is 0 (base 16) in base 3?
0
-2a (base 14) to base 5
-123
What is 18 (base 14) in base 4?
112
What is 23 (base 9) in base 16?
15
Convert 10010110 (base 2) to base 8.
226
Convert 1010010 (base 2) to base 8.
122
Convert -103 (base 7) to base 6.
-124
52 (base 16) to base 2
1010010
17 (base 8) to base 15
10
-101 (base 2) to base 12
-5
What is 8 (base 12) in base 6?
12
-111110 (base 2) to base 12
-52
Convert -14 (base 12) to base 10.
-16
Convert -27 (base 9) to base 5.
-100
Convert -12 (base 12) to base 3.
-112
0 (base 8) to base 10
0
What is 1 (base 11) in base 3?
1
Convert -13 (base 6) to base 10.
-9
-343 (base 5) to base 14
-70
Convert -30 (base 9) to base 6.
-43
Convert 20 (base 4) to base 13.
8
What is -2112 (base 3) in base 11?
-62
What is 24 (base 5) in base 16?
e
What is 1111 (base 3) in base 5?
130
Convert 5 (base 12) to base 2.
101
-168 (base 10) to base 3
-20020
What is 3 (base 10) in base 8?
3
Convert 11 (base 8) to base 10.
9
Convert 5 (base 13) to base 10.
5
What is 1315 (base 6) in base 9?
412
What is 22 (base 3) in base 10?
8
Convert 4 (base 6) to base 2.
100
Convert 20 (base 5) to base 4.
22
Convert 610 (base 7) to base 6.
1221
Convert -4 (base 14) to base 7.
-4
142 (base 9) to base 7
230
-313 (base 4) to base 2
-110111
-4 (base 16) to base 13
-4
What is -40 (base 5) in base 2?
-10100
Convert 7 (base 14) to base 15.
7
6 (base 9) to base 15
6
302 (base 4) to base 10
50
What is 110 (base 2) in base 14?
6
-4 (base 5) to base 12
-4
What is 10 (base 10) in base 9?
11
-6 (base 10) to base 6
-10
51 (base 6) to base 2
11111
What is -103 (base 4) in base 9?
-21
Convert a (base 13) to base 16.
a
What is 3 (base 13) in base 10?
3
Convert -80 (base 13) to base 12.
-88
Convert 77 (base 8) to base 2.
111111
11 (base 5) to base 6
10
What is -50 (base 14) in base 6?
-154
3 (base 15) to base 7
3
Convert -2 (base 15) to base 5.
-2
-22 (base 7) to base 2
-10000
15 (base 16) to base 4
111
What is -133 (base 5) in base 2?
-101011
What is 84 (base 11) in base 8?
134
What is -2 (base 13) in base 5?
-2
Convert 1 (base 2) to base 7.
1
What is 17 (base 12) in base 7?
25
Convert 52 (base 7) to base 15.
27
What is -6 (base 12) in base 7?
-6
Convert -c (base 14) to base 10.
-12
-10110 (base 2) to base 6
-34
-213 (base 6) to base 16
-51
Convert 2 (base 5) to base 8.
2
Convert 0 (base 14) to base 12.
0
Convert -88 (base 12) to base 4.
-1220
Convert -101 (base 2) to base 14.
-5
-15 (base 9) to base 7
-20
-114 (base 6) to base 5
-141
-1a (base 12) to base 4
-112
What is 0 (base 7) in base 6?
0
Convert 12 (base 5) to base 9.
7
-a0 (base 14) to base 5
-1030
What is 10000 (base 2) in base 10?
16
What is -300 (base 5) in base 15?
-50
Convert -1 (base 10) to base 3.
-1
What is -4 (base 12) in base 8?
-4
Convert 2 (base 11) to base 8.
2
Convert -2 (base 11) to base 14.
-2
Convert 24 (base 6) to base 9.
17
Convert 1 (base 7) to base 9.
1
What is -141 (base 15) in base 16?
-11e
Convert -2e (base 16) to base 15.
-31
-5 (base 9) to base 10
-5
Convert -1 (base 14) to base 10.
-1
4 (base 15) to base 9
4
Convert -188 (base 14) to base 10.
-316
Convert -85 (base 14) to base 7.
-225
What is -10 (base 12) in base 16?
-c
2 (base 9) to base 3
2
What is 3 (base 4) in base 2?
11
What is 0 (base 16) in base 13?
0
What is -12 (base 3) in base 15?
-5
1 (base 12) to base 13
1
Convert 30 (base 4) to base 8.
14
Convert 10100100 (base 2) to base 16.
a4
0 (base 4) to base 14
0
10 (base 3) to base 8
3
Convert 173 (base 15) to base 6.
1313
What is -1b (base 12) in base 9?
-25
What is 7 (base 16) in base 11?
7
What is 22 (base 3) in base 9?
8
What is -4 (base 10) in base 14?
-4
Convert 1000 (base 4) to base 12.
54
76 (base 10) to base 4
1030
What is -183 (base 10) in base 13?
-111
Convert -403 (base 5) to base 6.
-251
-5 (base 16) to base 10
-5
-1 (base 8) to base 2
-1
-27 (base 16) to base 7
-54
43 (base 13) to base 8
67
-1 (base 7) to base 8
-1
What is -212 (base 4) in base 9?
-42
Convert -4 (base 8) to base 14.
-4
Convert -101221 (base 3) to base 4.
-10213
What is -1 (base 9) in base 15?
-1
Convert 2 (base 11) to base 3.
2
Convert 1 (base 11) to base 15.
1
What is -1 (base 5) in base 14?
-1
Convert 163 (base 8) to base 10.
115
-7 (base 11) to base 6
-11
-3a (base 14) to base 3
-1221
-14 (base 12) to base 16
-10
-2 (base 8) to base 10
-2
Convert 19 (base 16) to base 3.
221
What is -101 (base 2) in base 5?
-10
Convert -11 (base 2) to base 9.
-3
What is -125 (base 16) in base 11?
-247
7 (base 16) to base 4
13
Convert 8 (base 15) to base 8.
10
What is -1 (base 10) in base 2?
-1
2212 (base 3) to base 10
77
-104 (base 9) to base 16
-55
355 (base 11) to base 15
1d3
What is -122 (base 4) in base 16?
-1a
What is 2 (base 14) in base 8?
2
What is -43 (base 6) in base 4?
-123
What is -10 (base 3) in base 2?
-11
Convert 111 (base 4) to base 3.
210
4 (base 9) to base 7
4
-30 (base 4) to base 14
-c
Convert 11010101 (base 2) to base 8.
325
1 (base 4) to base 9
1
What is -2 (base 15) in base 13?
-2
Convert 0 (base 13) to base 8.
0
4 (base 5) to base 13
4
What is -20 (base 7) in base 8?
-16
What is 0 (base 8) in base 6?
0
Convert 131 (base 5) to base 2.
101001
What is 100 (base 2) in base 14?
4
Convert -11 (base 4) to base 7.
-5
What is 1 (base 12) in base 14?
1
Convert -74 (base 13) to base 10.
-95
Convert -96 (base 10) to base 6.
-240
What is 121 (base 3) in base 6?
24
What is 3 (base 5) in base 7?
3
Convert 9 (base 14) to base 12.
9
What is -10 (base 12) in base 6?
-20
What is -2 (base 5) in base 3?
-2
-5